ainder when l(p) is divided by 13.
12
Suppose q = 4*h + 118, -3*h = -4*q + h + 412. Calculate the remainder when q is divided by 25.
23
Suppose -6*a + 448 = -2*a. Suppose a = -0*n + 2*n. Calculate the remainder when n is divided by 19.
18
Suppose 2*f - 58 = -7*x + 2*x, 4*f + 4 = 0. Suppose 0*a + a - x = 0. What is the remainder when 35 is divided by a?
11
Let m(z) = 18*z - 6. Let w be 78/21 + (-2)/(-7). Calculate the remainder when m(w) is divided by 17.
15
Let l be 402/33 - (-2)/(-11). Let s = l + -7. Calculate the remainder when s is divided by 3.
2
Suppose 0 = -7*f + 5*f + 20. Calculate the remainder when (6 + 0)/2 + 2 is divided by ((-12)/10)/(f/(-25)).
2
Let o be (-161)/(-28) + (-2)/(-8). Suppose a = o*a - 45. What is the remainder when 24 is divided by a?
6
Suppose d - 4 = -3. Calculate the remainder when d is divided by 1.
0
Calculate the remainder when 43 is divided by (-54)/(-15)*(15/2)/3.
7
Calculate the remainder when 88 is divided by (2/(-5))/(6/(-450)).
28
Let k = 103 + -38. Suppose -19 + 129 = 5*y. Calculate the remainder when k is divided by y.
21
Let u = 55 + -41. Calculate the remainder when 49 is divided by u.
7
Let q(v) = -v. Suppose -j = 4*n - 19, -2*n + 20 = -5*j + n. Let h be q(j). What is the remainder when h + 2*-1 + 17 is divided by 9?
7
Let o = -19 - -54. Calculate the remainder when o is divided by 19.
16
Let i(m) = -m**3 + 4*m**2 - m - 2. Let t be i(2). Let n(d) = -d**3 + 5*d**2 + 3*d - 4. Calculate the remainder when 70 is divided by n(t).
22
Suppose -52 - 38 = -5*n. Calculate the remainder when n is divided by 10.
8
Suppose 0 = 2*z + 5*l - 109, -l = -5*z + 6*z - 59. Let c = -49 - -97. Suppose -2*y + c = y. Calculate the remainder when z is divided by y.
14
Let i = 39 + -23. Calculate the remainder when i is divided by 11.
5
Let h(s) = -s**3 - 5*s**2 + 13*s - 1. Calculate the remainder when 23 is divided by h(-7).
5
Let a(b) = b**2 + 5*b + 93. Calculate the remainder when a(0) is divided by 28.
9
Let c = -213 - -233. Let n be 81/(-15) + (-2)/(-5). What is the remainder when (-297)/(-5) + 2/n is divided by c?
19
Let v be (-4)/(-14) + 4592/49. Let w = v - 47. Suppose -o = -0*o - 16. Calculate the remainder when w is divided by o.
15
Let a(u) = 28*u**2 + 1. Let t(j) = -j. Let h(k) = -k. Let x(y) = -2*h(y) + 3*t(y). Let s be x(1). What is the remainder when a(s) is divided by 10?
9
Suppose 5*d - 40 = 5*a, -17 + 57 = 5*d + a. Let i(l) = l**2 + 7*l + 5. Calculate the remainder when i(-8) is divided by d.
5
Let x = 2 + 0. Suppose 0 = -5*l + x*f + 20, 0 = 2*l - 5*f + 22 - 9. What is the remainder when 22 is divided by l?
4
Let u(y) = -y + 1. Calculate the remainder when u(-9) is divided by 7.
3
What is the remainder when (-471)/(-11) + (-6)/(-33) is divided by -1 - -3 - (-1 - 8)?
10
Let o(z) = -2*z - 5. Let j be o(-6). Suppose 4*t - j*t + 78 = 0. Suppose 2*w + 4*i - 37 = -3*w, -i = 2*w - 16. What is the remainder when t is divided by w?
8
Let t(z) be the first derivative of z**2/2 + 8*z + 1. Calculate the remainder when 22 is divided by t(0).
6
Let p(v) = 7*v + 36. Calculate the remainder when p(22) is divided by 32.
30
Let j = 11 - 8. Suppose -5*k + 44 = -j*k. Calculate the remainder when k is divided by 3/(-3 - -2)*-2.
4
Suppose -5*f + 10 = 0, -5*q + 11 + 12 = 4*f. Suppose -4*y = q*t - y - 72, 2*y = -6. Calculate the remainder when t is divided by 14.
13
Let v be 3 - 1 - 2 - -9. What is the remainder when (3/2)/(v/354) is divided by 20?
19
What is the remainder when 45 is divided by ((-5)/(-1))/(1/2)?
5
Let l(j) = j + 4. Let k = -93 - -160. What is the remainder when k is divided by l(19)?
21
Suppose 6 = -3*j, 2*j + 0*j + 16 = 4*b. Suppose c = -d + 3, 5*c + 0*d - 2*d = 29. What is the remainder when c is divided by b?
2
Let d(l) = -l**3 - l + 13. Let m(x) = 7*x**3 + 1. Let j be m(1). Suppose j*z = 3*z. Calculate the remainder when 25 is divided by d(z).
12
Suppose 0 = 13*o - 11*o - 48. What is the remainder when 45 is divided by o?
21
What is the remainder when 14 is divided by ((-216)/(-90))/(3/10)?
6
Let n(s) be the third derivative of 1/24*s**4 + 0 + 5/3*s**3 + 0*s + 2*s**2. Calculate the remainder when 53 is divided by n(8).
17
Let c = 8 + 0. Let u(x) = 4*x**2 + 2*x - 1. Calculate the remainder when c is divided by u(1).
3
Let l = 55 + -40. Calculate the remainder when 58 is divided by l.
13
Let u(k) = -k**2 + 13*k - 15. Let i be u(12). What is the remainder when 2 - 57*3/i is divided by 15?
14
Let u(r) = -r**2 - 18*r + 11. Calculate the remainder when 19 is divided by u(-18).
8
Let g = 44 - 40. Calculate the remainder when 10 is divided by g.
2
What is the remainder when (-4)/(-6) - (-1200)/9 - 0 is divided by 17?
15
Suppose 5*h - 32 - 13 = 0. Calculate the remainder when 34 is divided by h.
7
Suppose 2*f = -0*f + 6. Let d(h) = -h + 4. Let k be d(f). What is the remainder when (-1 - -5)*4*k is divided by 9?
7
Let h(c) = 2*c**2 - 3*c - 4. Suppose 4*f - 5*o = 9 - 56, -f - 33 = 3*o. Let r be (2/(-3))/(4/f). Calculate the remainder when 17 is divided by h(r).
2
Suppose 0 = -3*t + 2*j + 35, j - 23 = -4*t + 9. Calculate the remainder when 35 is divided by t.
8
Suppose 2*j = 3*j - 19. Let g(f) = -f**2 - 7*f - 3. Let t be g(-6). Suppose -k = -d - 9, 8 = k + d - t*d. Calculate the remainder when j is divided by k.
9
Let y = 48 - 34. What is the remainder when y is divided by 5?
4
Let y = -24 - -10. What is the remainder when (-3)/15 + (-202)/(-10) is divided by -2 - 0 - (y - -1)?
9
Suppose 0*c + 3*t = -5*c + 140, 68 = 3*c + 5*t. What is the remainder when c is divided by 17?
14
Suppose 2*n - 260 = -3*n. Suppose 5*d = 5*r - r + 71, 0 = -3*r - 12. What is the remainder when n is divided by d?
8
Suppose 4*a - 3 = 5. Suppose 0 = -a*p + p - 7. What is the remainder when 510/21 + 2/p is divided by 13?
11
Suppose 7*f = 2*f + 405. Suppose -p - 2*d + 21 = 0, p - 21 = -3*d + 6*d. Calculate the remainder when f is divided by p.
18
Calculate the remainder when 1 is divided by 24/(-16)*(-4)/6.
0
Let r(m) = -10*m - 1. Let s(q) be the third derivative of q**5/10 + q**4/12 + q**3/6 + q**2. Calculate the remainder when r(-1) is divided by s(-1).
4
Let i = -156 - -169. What is the remainder when 100 is divided by i?
9
Let z = 68 + -46. What is the remainder when 74 is divided by z?
8
Suppose -3*k + 2*l = -85, -l + 5*l = 4*k - 120. Suppose 37 = 3*d + 5*c, -5*d - 2*c + 53 = 2*c. What is the remainder when k is divided by d?
7
Let a(h) = -h**2 + 12*h. Calculate the remainder when 78 is divided by a(10).
18
Let n = -8 - -12. Let j = -1 + n. Calculate the remainder when ((-19)/(-3))/(j/9) is divided by 5.
4
Let z(c) = 10*c + 102. Let x(w) = 3*w**3 - 2*w**2 + w. Calculate the remainder when z(-5) is divided by x(2).
16
Let w(c) = 3*c - 3. Calculate the remainder when 24 is divided by w(3).
0
Suppose 7*x - 2*x + 5*f = 80, -x = -5*f + 14. Suppose 2*g - 29 - x = 0. What is the remainder when g is divided by (1 - -6)/(-2 + 3)?
6
Let d(l) = l**2 + 2*l - 3*l + 0*l + 0 - 1. Calculate the remainder when d(-6) is divided by 21.
20
Suppose -z - 55 = -3*k, 2*k - 2*z = z + 25. Calculate the remainder when 178 is divided by k.
18
Let l(q) = q**3 + 9*q**2 - 10*q - 3. Let f be l(-10). Calculate the remainder when (f/(-2))/((-3)/(-8)) is divided by 3.
1
Let r = 85 - 80. What is the remainder when r is divided by 2?
1
Let i(u) = -u**2 + u. Let m(y) = -4*y**2 + 4*y + 16. Let k(p) = -5*i(p) + m(p). Let l = -30 + 61. Calculate the remainder when l is divided by k(0).
15
Suppose 0 = 2*i - 45 - 15. Let s(n) = 4*n**2 - 2*n + 4. Calculate the remainder when i is divided by s(2).
14
Suppose 2*p - 3*u = 20, u = -p - 0*u + 10. What is the remainder when 19 is divided by p?
9
Let r(s) = -3*s - 1. Let w be r(-1). Let u(c) = -c**3 + 7*c**2 - 3*c + 13. Calculate the remainder when u(6) is divided by 1/w - 42/(-4).
9
Suppose -72*x + 64*x + 136 = 0. Calculate the remainder when x is divided by 5.
2
Suppose -q = -5*h - 4, 8 = 4*q - 2*q - 4*h. Suppose -q*g - d - d = -134, -61 = -g + 5*d. Calculate the remainder when g is divided by 13.
10
What is the remainder when ((-4)/(-4))/((-1)/(-11)) is divided by 7?
4
Suppose 0*m + 4*m = -5*a + 17, 4*m + a = 29. Calculate the remainder when 31 is divided by m.
7
Let a(q) = q - 2. Let r be a(4). Suppose 0*g + r*g - 7 = -5*o, 2*g = -o + 27